ded by x(2)?
37
Let h be 2694/(-18) - (-8)/12. Let i = h + 165. Calculate the remainder when (4 - 2)/(2/25) is divided by i.
9
Let l(n) = 7*n + 2. What is the remainder when l(3) is divided by 6/3 + (14/161 - 268/(-92))?
3
Let a = 802 - 729. Calculate the remainder when 123 is divided by a.
50
Let j(o) = 1594*o + 3496. Calculate the remainder when j(-2) is divided by 195.
113
Let l be (-81)/(-36) - (-1)/(-4). Let f = l + 7. Let w = -745 - -756. Calculate the remainder when w is divided by f.
2
Let p(o) = 152*o**2 - 9*o - 1. What is the remainder when 706 is divided by p(1)?
138
Let u(y) = -y**3 - 7*y**2 + 9*y + 17. Suppose -3*p + 0*p = -33. Calculate the remainder when p is divided by u(-8).
2
Let o = 693 + -672. Let z(l) = 3*l**3 - 62*l**2 - 20*l - 8. Calculate the remainder when 77 is divided by z(o).
12
Suppose i + 7 = 2*i. Suppose -50 = 12*j - i*j. Let m = j - -55. Calculate the remainder when m is divided by 16.
13
Let s(x) = -24*x - 12. Let g be (-5)/(3*5/(-15)). Suppose 0 = -4*f - 3*c - 0 - 5, -g*f - 2*c = 15. What is the remainder when s(f) is divided by 22?
20
Let f(q) = -q**2 + 26 + 30 + 12*q - 87 + 32. What is the remainder when 275 is divided by f(11)?
11
Suppose -24*r = -2298 - 1014. What is the remainder when 146 is divided by r?
8
What is the remainder when -2*199/(17/(17/(-2))) is divided by 60?
19
Let m = 12 - 2. Let f = -1941 + 2001. Calculate the remainder when f is divided by m.
0
Let z(d) = 65*d + 374. What is the remainder when z(-5) is divided by 10?
9
Let z(l) be the second derivative of 3*l**4 - 2*l**3/3 + 2*l**2 + 14*l + 1. Calculate the remainder when 104 is divided by z(1).
32
Suppose -3*a + m = -207, 7*m = 6*m - 6. Let r = -6 - -20. Calculate the remainder when a is divided by r.
11
Let z = -2684 - -2793. Calculate the remainder when 130 is divided by z.
21
Calculate the remainder when -447*17/(561/(-88)) is divided by 240.
232
Let k = -19122 + 19368. Calculate the remainder when 479 is divided by k.
233
Suppose 1253*v = 1247*v - 12. Calculate the remainder when 16 is divided by v*(1/(-2) + (25 - 30)).
5
Let x = -56 - -99. Calculate the remainder when x is divided by 31 + -20 + 3 + -2.
7
Let y = 3964 + -3946. Calculate the remainder when 5200 is divided by y.
16
Let r be (39/(-12))/((-1)/4). Suppose 0*m - r = -m. Calculate the remainder when 77 is divided by m.
12
Suppose 39*k - 247 = -52. What is the remainder when -4 - (-10*182)/k is divided by 28?
24
Suppose 2*t = -6*r + 2988, -44*t - 5*r = -41*t - 4454. Calculate the remainder when t is divided by 38.
29
Let m(u) = 9*u - 6 + 56*u + 6 - 5. Let c be m(-2). Let s = 303 + c. Calculate the remainder when s is divided by 34.
32
Suppose 2*o - 2*y = 340, 29*o - 33*o = -2*y - 686. What is the remainder when 681 is divided by o?
162
Let x(n) = -n**3 + 18*n**2 + n - 87. Suppose 5*o - 4*i - 101 = 0, 0*o = -o + 5*i + 37. Calculate the remainder when x(o) is divided by 17.
15
Let i be (-6 + 2 - 1) + (22 - 160). Let u = -62 - i. What is the remainder when u is divided by 28?
25
Let n = -682 + 815. Suppose 277 - n = 3*b. Let x = 296 - 153. Calculate the remainder when x is divided by b.
47
Let c(p) = 119*p**2 + 204*p + 7. What is the remainder when c(-3) is divided by 17?
7
What is the remainder when 530/5 - (1*-9 + 170/34) is divided by 28?
26
Let f = -13173 + 17826. What is the remainder when f is divided by 95?
93
Suppose 8 = 4*b - 40. Let y be -1*2/(14/(-49)). Let t = b + y. What is the remainder when 54 is divided by t?
16
Let l(z) = -z**3 - z**2 + 2*z - 1. Let a be l(-4). Let h = 113 - a. Let s = h + -52. What is the remainder when s is divided by 6?
4
Let b = -31800 + 31811. Calculate the remainder when 1238 is divided by b.
6
Let a(r) = 1. Let t(f) = -f - 26. Let c(h) = -10*a(h) - 2*t(h). Let o be c(-8). Let m = -10 + o. What is the remainder when m is divided by 3?
1
Suppose 2*q = -2*q - g + 3840, -2*g = -q + 960. Suppose 11*u = 16*u - q. Calculate the remainder when u is divided by 39.
36
Suppose 31*l - 8247 - 33429 = -2709. What is the remainder when 2514 is divided by l?
0
Suppose 0 = 4*u + 4*t - 12168, 107*t = 122*t + 60. What is the remainder when u is divided by 24?
22
Let l(j) = 478*j - 563. Suppose -129 = -4*x - 3*n, 5*x - 4*n = -0*n + 200. Calculate the remainder when l(2) is divided by x.
33
Suppose 3*x - 492 = 4*z, 369 = -3*z + x + x. Let j = 133 + z. Calculate the remainder when 48 is divided by j.
8
Suppose 42 = 25*h - 8. Suppose 0 = -5*d + 10, -2*d = q + 2*q + 8. What is the remainder when (2 - q)/(2/1) is divided by h?
1
Let m(d) = -306*d + 8765. Let f(h) = -4*h - 2. Calculate the remainder when m(28) is divided by f(-6).
21
Let z = 70 - 69. Suppose -2*c + 1 = -z. Calculate the remainder when (-4 + c - -31) + (-1 - 0) is divided by 14.
13
What is the remainder when 235 is divided by 2070/(-150)*10/2*-1?
28
Suppose 4*j + 2*s - 24 = 0, -3*j - 3*s + s = -19. Suppose j*q = -5*h + 125, 5*q = 3*h + q - 68. Let o = 8 + 36. What is the remainder when o is divided by h?
20
Suppose 535 = -373*p + 368*p. Let d = p - -127. Let o = -2 - -40. Calculate the remainder when o is divided by d.
18
Suppose -2*n = -4*j + 76, 0 = -55*n + 54*n + 2. Calculate the remainder when 1197 is divided by j.
17
What is the remainder when (18/36)/(3/15042) is divided by 1250?
7
Suppose 17018 = 86*y - 3106. What is the remainder when y is divided by 34?
30
Let o(i) = -i**3 + 64*i**2 + 343*i + 273. Calculate the remainder when 1620 is divided by o(69).
0
Let o(i) = -19*i - 91. Let b be o(-5). Suppose -3*u = -5*t + 164, -2*t + 25 + 25 = b*u. What is the remainder when t is divided by 12?
7
Let b(a) = 51*a + 1393. Calculate the remainder when b(-24) is divided by 56.
1
Suppose -1 = q + z, 2*q + 5*z = 7*q + 25. Calculate the remainder when ((-2)/4)/((-10)/1020) is divided by -2 - q*(-32)/(-6).
9
Suppose 5*y = 5*j - 8*j + 9, 3*j + 2*y = 9. Suppose -14 = -j*a - r, -6*a - 3*r = -3*a - 12. Calculate the remainder when 74 is divided by a.
4
Calculate the remainder when ((-77)/110)/(56/(-32))*1085 is divided by 153.
128
Let d(p) = p**3 + 5*p**2 - p + 7. Suppose 24*f - 69 + 189 = 0. Calculate the remainder when d(f) is divided by (-10)/(-2) - 2/1.
0
Let l(v) be the third derivative of v**6/120 - v**5/12 - 5*v**4/12 - 11*v**2. Let m be l(7). Let w = -12 + m. What is the remainder when w is divided by 9?
7
Suppose 0 = 3*m + 15, 9*m + 626 = 4*z + 7*m. Let j = z - 129. What is the remainder when 64 is divided by j?
14
Let t = 81 - 77. Suppose 5*g - 314 = 5*a - 99, -t*a = 0. What is the remainder when g is divided by 9 + (0*(-1)/3)/(-3)?
7
Suppose -5*v = 10*o - 13*o + 407, 709 = 5*o + 7*v. Calculate the remainder when 1247 is divided by o.
135
Suppose 2*i - 2*z = 3902, 5*i - 7233 = 3*z + 2512. Calculate the remainder when i is divided by 389.
1
Suppose -4*x + 8201 = -f, 85*x - 87*x + 4097 = -f. Calculate the remainder when x is divided by 255.
12
Suppose r = 8 - 6. Suppose 5 = -i, 0 = -2*s + s + r*i + 10. Suppose -5*j + 3*j + 186 = s. Calculate the remainder when j is divided by 19.
17
Let q = -26006 + 26191. Calculate the remainder when 50503 is divided by q.
183
Let t = 62 + -52. Let g be (((-16)/6)/4)/((-4)/1662). Suppose 0 = 5*i - g - 213. What is the remainder when i is divided by t?
8
Suppose -22 = -4*k - 2. Suppose k*r - b + 113 = 0, 29 + 74 = -4*r + 5*b. Let u = r + 48. Calculate the remainder when u is divided by 15.
11
Suppose -1619 = -65*r - 258 + 3059. Let n(w) = w**3 + 11*w**2 + 14. What is the remainder when r is divided by n(-11)?
12
Let i be -1 + 3 - (0 - -2). Suppose i = -14*k + 9*k + 20. Calculate the remainder when 54 is divided by (k + 0)/((-2)/(-7)).
12
Let y(b) = 39*b**2 - 3*b - 1. Let h be y(1). Suppose -6*z - 2494 = -h*z. What is the remainder when z is divided by 13?
8
Suppose -3*d + 35 = h, 4*d - 2*h = -d + 73. Suppose 1275 = d*u - 2209. What is the remainder when u is divided by ((-9)/(-2))/((-2)/(-20))?
43
Suppose -5*t + 6*t - 3 = 0. Suppose 0 = t*l - 2*l - 4. Calculate the remainder when l + (0 - 0) + 19 is divided by 5.
3
Suppose 320409 = -59*o + 905512. What is the remainder when o is divided by 64?
61
Suppose 3*h - b = -139, 5*h + b - 22 = -251. Let l be (1/((-4)/6))/(23/h). Suppose l + 37 = 4*g. What is the remainder when 18 is divided by g?
8
Let v(h) = -h**3 + 14*